 d.
107
Let v(c) = 126*c - 701. List the prime factors of v(30).
3079
Suppose 0 = r + 3*r - 152. Let q be ((-171)/r)/((-3)/32). Let h = q - 18. What are the prime factors of h?
2, 3, 5
Let j(d) = 16*d**2 + d. Let q(l) = 48*l**2 + 3*l. Let x(n) = -17*j(n) + 6*q(n). List the prime factors of x(2).
2, 3, 11
Let a(q) = -5*q - 4. Let x(o) = -9*o - 9. Let r(h) = -5*a(h) + 3*x(h). Suppose t = 5*i + 22, 4*i + 1 = 5*t - 4. What are the prime factors of r(i)?
3
Suppose -5*i = 2*g - 0 - 8, -i + 4*g = 16. Let t = 76 + -44. Suppose i*k - t = -k. List the prime factors of k.
2
Let h = 489 + 231. List the prime factors of h.
2, 3, 5
Suppose 0 = -5*p - p. Suppose p = 14*k - 16*k + 98. List the prime factors of k.
7
Let g(z) = 2*z + 13. Let j be g(-6). List the prime factors of j/(4 - (-110)/(-28)).
2, 7
Let w = -11 + 7. Let i be (w/(-6))/(1/6). Suppose s + 5*p = 20 + i, 5*p = -4*s + 36. List the prime factors of s.
2
Suppose -415 = 5*t + 5*l, 7*t - 89 = 8*t - 5*l. Let v = 220 + t. List the prime factors of v.
2, 17
Let w be 3*((-4)/12 + 1). Suppose 11 = 5*m + w*t - 3*t, -5*m + 4*t = -14. Let r(z) = 2*z**2 - z + 2. List the prime factors of r(m).
2
Suppose -8*h + 4*m = -11*h + 652, 0 = 5*h - 2*m - 1052. What are the prime factors of h?
2, 53
Suppose 2*m + 2*n - 4 = 0, -2*m - 3*n - 9 = -4*m. Suppose m*y - 615 = -2*i - i, 3 = 3*i. What are the prime factors of y?
2, 3, 17
Let b be 28 + ((-3)/(-3) - -3 - 1). Suppose 0 = 5*h - 20, 3*p = -5*h + 25 + b. What are the prime factors of p?
2, 3
Let m be 7/((-28)/(-12)) - -27. List the prime factors of m/20 + 89/2.
2, 23
Let v = -3159 - -4561. What are the prime factors of v?
2, 701
Let t = -35 + -41. Let y = t + 162. What are the prime factors of y?
2, 43
Let s(y) = 72*y**2 - 11*y + 26. What are the prime factors of s(2)?
2, 73
Suppose -12*u + 10897 = 613. What are the prime factors of u?
857
Let i be -3*70/(-6)*-2. Suppose -2*a - 3*a + 555 = 0. Let r = i + a. List the prime factors of r.
41
Suppose 0 = -y + 6*y - 10. Let a(d) = 0*d**3 - 1 + 1 + y - 3*d**2 + 3*d - 2*d**3. What are the prime factors of a(-3)?
2, 5
Suppose 18 = -0*n + 3*n. Let f be (n/(-12))/(1/(-4)). List the prime factors of 44*((-3)/2 + f).
2, 11
Suppose -3*x - x - 384 = -5*y, 5*x = 20. Let v = y + -49. List the prime factors of v.
31
Let x be (1/4*-3)/(1/(-4)). Suppose -3*j = -9, -22 = z - 2*z + x*j. What are the prime factors of z?
31
Suppose 1 = -c, 4*v + c + 45 = 2*v. Let l be -2 - 1/(2/v). List the prime factors of (-176)/(-18) + 2/l.
2, 5
Let c be ((-9)/15 + 1)*79*5. What are the prime factors of c + 4/(-20)*0?
2, 79
Let v(m) = -m - 1. Let c(i) = -19*i - 1. Let j(u) = c(u) - 4*v(u). Let y be j(-3). Suppose 0 = -4*r + 8 + y. What are the prime factors of r?
2, 7
Let f(z) = -3*z + 107. Let o(q) = q - 36. Let i(p) = 4*f(p) + 11*o(p). Suppose 0 = -36*w + 42*w. What are the prime factors of i(w)?
2
Let q = -3852 - -7059. List the prime factors of q.
3, 1069
Let h be (-4 - 99)/(3/21). List the prime factors of 2/4 + h/(-14).
2, 13
Suppose p + 433 - 41 = -2*r, 5*p = -4*r - 790. Let h be ((-4)/5)/(3/r). Suppose -5*v + 65 = 2*m, 7*m - 2*m = -4*v + h. List the prime factors of v.
13
Let q be 44/3*(-5 - 2/(-1)). List the prime factors of (-7272)/(-66) - (-8)/q.
2, 5, 11
Let q(w) = w**3 - 3*w**2 + 3*w + 8. Suppose 0*n + 20 = 5*n. List the prime factors of q(n).
2, 3
Let i(n) = n**2 + 19*n + 53. List the prime factors of i(-35).
613
Suppose -6*j + 659 = -1015. What are the prime factors of j?
3, 31
Suppose -182 = 5*z + 68. Let b = 105 + z. What are the prime factors of b?
5, 11
Suppose 28*c = 52*c - 19824. What are the prime factors of c?
2, 7, 59
Suppose -1250*p + 1248*p = -212. List the prime factors of p.
2, 53
Let c(b) = b**2 - 5. Let o be c(-3). Suppose -3*n - 3*y = -4*y - 27, -o*n - y + 43 = 0. List the prime factors of n.
2, 5
Suppose 4*k + 2*d = 56, 3*k + 2*d - 3*d = 47. Suppose k*j = j + 4144. List the prime factors of j.
2, 37
Let j(x) = x**3 + 3*x**2 - 2*x. Let d be j(-7). Let c = d + 275. What are the prime factors of c?
3, 31
Let o = 711 + -478. What are the prime factors of o?
233
Let g(j) = -j**3 + j. Suppose 0 = -5*w + 3*b - 1, -5*w + b + 15 = 6*b. Let x be g(w). List the prime factors of ((-8)/4 - x)*-4.
2
Suppose -6 = -2*b - 0. Suppose b*n - 11 - 109 = 0. What are the prime factors of n?
2, 5
Suppose -2756 = -6*t + 1240. List the prime factors of t.
2, 3, 37
Suppose -2*y + 3*y - 10 = -5*f, -f = -2. Suppose y = -x + t + 38, -3*x + 4*t - 22 = -135. What are the prime factors of x?
3, 13
Let h(t) be the third derivative of t**5/30 - 5*t**4/12 + t**3/3 - 13*t**2. List the prime factors of h(9).
2, 37
Let u be (-110)/(-33)*1464/10. Suppose 8*d = 4*d - u. Let z = -81 - d. List the prime factors of z.
41
List the prime factors of 823 + (-1 - -12 - 22).
2, 7, 29
Let n(z) = -z**3 - 8*z**2 - 10*z - 16. Let k be n(-7). Suppose 4*v + 26 = 5*l, 0*v = -4*l + k*v + 19. List the prime factors of l.
2, 3
Let k = -72 + 82. Suppose k*f - 182 = -4*f. What are the prime factors of f?
13
Suppose 4*l - 230 = -2*i + 632, l - 4*i = 229. List the prime factors of l.
7, 31
Let z = 7 + 32. Let x = 67 - z. Let v = 0 + x. What are the prime factors of v?
2, 7
Let a(m) = 2*m - 8. Let k(x) = -x**3 - 5*x**2 + 9*x - 4. Let l be k(-7). Suppose 4*r = -h + 29, -r - 3*r = 3*h - l. List the prime factors of a(r).
2, 3
Let p = 5573 - 3962. List the prime factors of p.
3, 179
Let o(x) = 2 + x**3 - 2*x**3 + 0*x**3 + 9*x**2 - 8*x. Let h be o(8). What are the prime factors of h*(-1 + 46/4)?
3, 7
Let b(i) = -i + 16. Let x be b(13). Let f(s) = 2*s**x - 4*s**3 + 4*s**2 - s**3 + 4*s**3. What are the prime factors of f(-2)?
2
Let l = 33 - -3000. What are the prime factors of l?
3, 337
Let z(a) = 3*a - 13. Let m be z(6). Suppose 987 = m*v - 1083. Suppose -v = -5*k + b, 0 = -k + 3*b + 2*b + 102. What are the prime factors of k?
2, 41
Suppose 0 = -4*u + 5*u - 40. Let j be ((-1)/2)/((-4)/u). Suppose -j*k = 4*d - 2*k - 31, 0 = k - 5. What are the prime factors of d?
2
Let l(p) = -11*p - 9*p - 38 - 10*p. List the prime factors of l(-4).
2, 41
List the prime factors of (13/(-26))/(86715/21680 + -4).
2, 271
Let j = -27 - -27. Let h be 4/(-2 - j) - 35. Let x = h + 51. List the prime factors of x.
2, 7
Suppose -3*i - 3*i - 30 = 0. Let k(p) = 2*p**3 + 6*p**2 + p - 2. Let m be k(i). Let a = 159 + m. What are the prime factors of a?
2, 13
Suppose 4*p - 1258 = -3*a, 2*a - 567 = -4*p + 277. What are the prime factors of a?
2, 3, 23
What are the prime factors of (-234945)/(-46)*(-2)/(-3)?
3, 5, 227
Suppose -2*a = -0*a + l - 30, -4*l - 8 = 0. Let v = -8 + a. Suppose 13*t - v*t = 155. List the prime factors of t.
31
Let m(n) = 33*n + 243. List the prime factors of m(31).
2, 3, 211
Suppose y - 1209 = 14*y. Let r = 181 + y. What are the prime factors of r?
2, 11
Let z = -605 - -1064. What are the prime factors of z?
3, 17
Let k(z) = 2*z**2 + 12*z + 431. What are the prime factors of k(22)?
1663
Let k be (-2 - -2)/((-1)/1). Suppose 3*z - 21 = -5*s + 19, k = 4*z - s - 15. Suppose 3*y - 22 = 4*m + 34, 2*y - z*m = 42. What are the prime factors of y?
2
Let x(h) = -14*h**2 - 54*h + 40. Let f(d) = -5*d**2 - 18*d + 13. Let g(p) = 17*f(p) - 6*x(p). What are the prime factors of g(13)?
2, 23
Suppose 0 = -11*a + 3*a + 24. Suppose a*u = 6*u - 150. What are the prime factors of u?
2, 5
Suppose 0*h - h - 52 = 0. Let v = -16 - h. Suppose 0*d = 4*d - 2*b - v, 3*d + 3*b = 27. List the prime factors of d.
3
Suppose 0 = 12*s - 10*s + 162. Let g = 51 + s. List the prime factors of g/(-8)*80/5.
2, 3, 5
Let g(f) = -25*f**3 + f**2. Let a be g(-1). Suppose -3*q - 15 = 0, -2*q + 0*q = -2*l - a. Let t = l + 28. List the prime factors of t.
2, 5
Let w be (-2048)/(-18) + ((-203)/(-63) - 3). Let o = 10 - 7. Suppose 0 = -y + o*y - w. What are the prime factors of y?
3, 19
Suppose 0 = 3*f - 95 + 2. List the prime factors of f.
31
Suppose -3*w + 14 = -1. Suppose w*o = h - 25, -h + 2*o + 28 = -0*h. List the prime factors of h.
2, 3, 5
Let i(u) = 264*u - 6. What are the prime factors of i(2)?
2, 3, 29
Let l(x) = 2*x + 18. Let b be l(-9). Suppose b = 7*t - 356 + 125. List the prime factors of t.
3, 11
Suppose -3*b + 1309 = 2*g, -g - 4*g + 1324 = 3*b. What are the prime factors of 2/(-6)*1*(-2 - b)?
5, 29
Let u = -601 + 1321. Suppose -3*k